15 - -13121?
12502
In base 10, what is -5 + 673293?
673288
In base 7, what is -5334033 - -5?
-5334025
In base 15, what is 1 + 590b?
590c
In base 8, what is 161375 - 10?
161365
In base 7, what is -111 + 5455?
5344
In base 15, what is a - 1eb9b?
-1eb91
In base 9, what is -571 - 14202?
-14773
In base 2, what is 1101101100 - -1111100111?
11101010011
In base 9, what is 1153287 - 2?
1153285
In base 2, what is 1001001101111110 - 1001100?
1001001100110010
In base 14, what is -125c13 - 5?
-125c18
In base 14, what is -2 + 20c8?
20c6
In base 4, what is -1011112 - 2331?
-1020103
In base 14, what is 6 - -a41?
a47
In base 10, what is -23 + -6133?
-6156
In base 3, what is -12002222 - -1210?
-12001012
In base 5, what is -103313 - -4?
-103304
In base 13, what is 14b6 - 56?
1460
In base 9, what is 63672 - -1?
63673
In base 10, what is 176054 - 4?
176050
In base 16, what is 8994 + 6?
899a
In base 10, what is 380823 - -4?
380827
In base 11, what is a521 - -3?
a524
In base 6, what is -212 - -511?
255
In base 16, what is -17d1 + 7?
-17ca
In base 15, what is -4 + -d74b?
-d750
In base 12, what is -61076 - 25?
-6109b
In base 9, what is -1266237 + 2?
-1266235
In base 4, what is 13 + 1122332?
1123011
In base 16, what is -171f - -4?
-171b
In base 10, what is -3 + -149214?
-149217
In base 16, what is -dae0 + -10?
-daf0
In base 6, what is 40 + -13451?
-13411
In base 6, what is -255 - 15?
-314
In base 10, what is 4 + -1234?
-1230
In base 9, what is 4500 + -364?
4125
In base 16, what is -8ba0 + 5?
-8b9b
In base 5, what is -102 - -322332?
322230
In base 13, what is -6c + 6210?
6171
In base 5, what is 12032 - 212?
11320
In base 6, what is 0 + 5002523?
5002523
In base 9, what is 3 + 75473?
75476
In base 2, what is 1000100100100011 - -10011?
1000100100110110
In base 14, what is -15530 + 3?
-1552b
In base 14, what is -1a00 + a?
-19d4
In base 13, what is -14c7c - 6?
-14c85
In base 13, what is 49ba2 + -2?
49ba0
In base 5, what is -204320 - -31?
-204234
In base 8, what is 4 + -105424?
-105420
In base 5, what is 221404 + -3?
221401
In base 9, what is 352627 + 2?
352630
In base 2, what is 1101011100110011111111 - 10?
1101011100110011111101
In base 14, what is 2db1 - 2?
2dad
In base 13, what is 3 + -70111?
-7010b
In base 10, what is -433 + -67?
-500
In base 9, what is -4 + 13170?
13165
In base 13, what is 6ba - -6?
6c3
In base 3, what is 10 - 111221110?
-111221100
In base 7, what is 22444 - -41?
22515
In base 5, what is 13443 + -44041?
-30043
In base 6, what is 1505332 - -10?
1505342
In base 5, what is -234 + 2111321?
2111032
In base 14, what is 0 + 68559?
68559
In base 14, what is 37b4 - 1?
37b3
In base 15, what is e63 + -24d?
c15
In base 9, what is -3600 - 13?
-3613
In base 2, what is 10001001001101110011 - 1?
10001001001101110010
In base 15, what is 6714 - -12?
6726
In base 11, what is 36 + -3417?
-3391
In base 7, what is 66 + 31325?
31424
In base 8, what is 3 - -10447?
10452
In base 7, what is 0 - -14414420?
14414420
In base 9, what is -111318 - -3?
-111315
In base 15, what is 4d + -d6?
-88
In base 3, what is -1011122101 - -10?
-1011122021
In base 4, what is -23220002 - 10?
-23220012
In base 2, what is 11111100010 + 11010111000?
111010011010
In base 16, what is -5 - -2c1c?
2c17
In base 4, what is 22123232031 - 0?
22123232031
In base 12, what is 1bab - a?
1ba1
In base 4, what is -10 + 102210331?
102210321
In base 4, what is 10010 - 101?
3303
In base 7, what is 243 + 36220?
36463
In base 8, what is 11606 - -272?
12100
In base 11, what is -58 - -7311?
7264
In base 3, what is -2 - 1012022002?
-1012022011
In base 14, what is 2cc + -3?
2c9
In base 6, what is -1544241 - 0?
-1544241
In base 13, what is -38b1473 + 4?
-38b146c
In base 5, what is -4000 + -100?
-4100
In base 14, what is 6 - -5c3?
5c9
In base 10, what is -40 + -864?
-904
In base 6, what is -21 + 210?
145
In base 10, what is -551797 - 2?
-551799
In base 3, what is -1212220 - -211?
-1212002
In base 14, what is -4 + -28129?
-2812d
In base 2, what is -10010001001011111110 + -11?
-10010001001100000001
In base 2, what is 110110001101 + -100000?
110101101101
In base 15, what is -5 + -5511?
-5516
In base 11, what is -1940 - 8?
-1948
In base 8, what is -3533 - 2730?
-6463
In base 14, what is -c4974 + 0?
-c4974
In base 6, what is -24340 - -1135?
-23201
In base 9, what is 3 + 11365?
11368
In base 14, what is 91 - -68?
119
In base 9, what is -635 - 40?
-675
In base 6, what is -3210 - 2002?
-5212
In base 3, what is 120 - 101211?
-101021
In base 2, what is -11000110101101011 - 1011000?
-11000110111000011
In base 16, what is -4 + -25a77?
-25a7b
In base 10, what is -1207782 - 1?
-1207783
In base 13, what is -4 + 1a33a0?
1a3399
In base 15, what is -104 - -63?
-91
In base 14, what is -4 + -3a57?
-3a5b
In base 3, what is -2 + -1000200022220?
-1000200022222
In base 9, what is 63122 + 4?
63126
In base 12, what is -6b80 - 64?
-7024
In base 4, what is -21231 - -10302?
-10323
In base 3, what is -101221002212001 - -12?
-101221002211212
In base 5, what is -1143230 + -221?
-1144001
In base 13, what is 448 + 1984?
20cc
In base 13, what is -85ab0 - 7?
-85ab7
In base 5, what is 22200 - 1103?
21042
In base 8, what is 4344 + 45?
4411
In base 9, what is 2703562 - -5?
2703567
In base 14, what is 5 - -d269b?
d26a2
In base 12, what is 5321 + 6?
5327
In base 10, what is 3 - -9418?
9421
In base 10, what is -4 - 15364?
-15368
In base 16, what is 5e2ee + 0?
5e2ee
In base 3, what is -110111 - 22111?
-202222
In base 3, what is 1 - -10212200010?
10212200011
In base 12, what is -98 - -2b111?
2b035
In base 5, what is 114 + 1441412?
1442031
In base 15, what is 5 + 13654?
13659
In base 2, what is -1101110001 - 1101011001?
-11011001010
In base 4, what is -10103000 - -13320?
-10023020
In base 15, what is -5 + a122?
a11c
In base 7, what is 4553440 - -5?
4553445
In base 10, what is 3 - -6242?
6245
In base 11, what is 5 + -8416?
-8411
In base 13, what is 4 - 255c?
-2558
In base 11, what is -4 + -6126a?
-61273
In base 5, what is 2143 + 1014?
3212
In base 4, what is -312231 - 12?
-312303
In base 11, what is 0 - 998?
-998
In base 3, what is 11 + 101120100?
101120111
In base 9, what is 1286258 + -3?
1286255
In base 13, what is 2 + -20b25?
-20b23
In base 7, what is -36 - -1146?
1110
In base 4, what is 11 - 110212003?
-110211332
In base 14, what is -1aadd + -2?
-1ab01
In base 14, what is -2 - -123a7b?
123a79
In base 2, what is 11100001000011011 - 100?
11100001000010111
In base 12, what is a834 - 3?
a831
In base 14, what is 4 - 9b54?
-9b50
In base 11, what is 651 - 23?
629
In base 7, what is -2 + -101064?
-101066
In base 9, what is 0 - -242426?
242426
In base 8, what is 37 - 436?
-377
In base 16, what is -3a - 1058?
-1092
In base 9, what is -2 + 23246?
23244
In base 11, what is 4 + -294274?
-294270
In base 8, what is 22 - 34244?
-34222
In base 8, what is -4 - -6203011?
6203005
In base 15, what is -4490d - 0?
-4490d
In base 16, what is 817 - -23?
83a
In base 3, what is -20002 - -122212?
102210
In base 9, what is 224 - -427?
652
In base 14, what is -3 - 30992?
-30995
In base 14, what is -b - 4c8?
-4d5
In base 13, what is c6 - 314a?
-3054
In base 11, what is -1aa + -2727?
-2926
In base 14, what is 84 + -1d3?
-14d
In base 16, what is 1 + -30417?
-30416
In base 13, what is -89980 + -1?
-89981
In base 7, what is 36425 + -205?
36220
In base 7, what is 162 - 11?
151
In base 6, what is 420542 - -23?
421005
In base 9, what is 1144481 - 1?
1144480
In base 2, what is 10011100011111001 - -10110?
10011100100001111
In base 16, what is 3f62 + -2?
3f60
In base 10, what is 1706 - -3?
1709
In base 13, what is 11 + -91c76?
-91c65
In base 3, what is -101 + 222201020122?
222201020021
In base 3, what is -10 - -20222011210?
20222011200
In base 8, what is 2 + -13367?
-13365
In base 7, what is 1131636 - 5?
1131631
In base 3, what is 101 - 1020212221?
-1020212120
In base 15, what is -6 + -30ea?
-3101
In base 15, what is d47 + 7?
d4e
In base 4, what is 11023122 + -202?
11022320
In base 2, what is 10 + -10001111010100010?
-10001111010100000
In base 14, what is 4442 - 4?
443c
In base 6, what is 4 - -122214?
122222
In base 14, what is -1573 + -534?
-1aa7
In base 14, what is 85798 - -5?
8579d
In base 13, what is 0 + -c18?
-c18
In base 12, what is -1040 + -733?
-1773
In base 5, what is 4 + -1303?
-1244
In base 6,